 the thousands digit of 129573387?
3
What is the units digit of 1177504806?
6
What is the hundreds digit of 295098203?
2
What is the hundred thousands digit of 815261010?
2
What is the units digit of 43194366?
6
What is the ten millions digit of 902516733?
0
What is the ten millions digit of 16170333?
1
What is the thousands digit of 38347926?
7
What is the hundred millions digit of 538440108?
5
What is the units digit of 654898652?
2
What is the hundreds digit of 2794723822?
8
What is the thousands digit of 616644586?
4
What is the millions digit of 4074653963?
4
What is the ten thousands digit of 2814537623?
3
What is the hundred millions digit of 544979759?
5
What is the ten millions digit of 142506068?
4
What is the units digit of 545106549?
9
What is the ten millions digit of 630778434?
3
What is the hundred thousands digit of 391218606?
2
What is the thousands digit of 149441420?
1
What is the ten millions digit of 49070270?
4
What is the hundreds digit of 1503401028?
0
What is the ten millions digit of 35520635?
3
What is the millions digit of 34022683?
4
What is the hundred millions digit of 192408365?
1
What is the hundred millions digit of 521664088?
5
What is the thousands digit of 2268025568?
5
What is the hundred thousands digit of 403802372?
8
What is the hundreds digit of 719188618?
6
What is the ten millions digit of 387277885?
8
What is the millions digit of 448621304?
8
What is the tens digit of 4394871?
7
What is the millions digit of 1953342352?
3
What is the thousands digit of 4725794?
5
What is the millions digit of 279771630?
9
What is the hundred thousands digit of 4472077800?
0
What is the hundred millions digit of 7175406950?
1
What is the tens digit of 346286602?
0
What is the hundred thousands digit of 216833207?
8
What is the units digit of 3076908793?
3
What is the ten thousands digit of 225741834?
4
What is the ten millions digit of 3783854963?
8
What is the hundreds digit of 1157382627?
6
What is the billions digit of 1997437517?
1
What is the hundreds digit of 3117921127?
1
What is the ten thousands digit of 86406635?
0
What is the millions digit of 60625996?
0
What is the ten thousands digit of 2023457638?
5
What is the hundred thousands digit of 123859105?
8
What is the hundreds digit of 143562313?
3
What is the billions digit of 4065895696?
4
What is the hundred millions digit of 980790354?
9
What is the ten thousands digit of 505231564?
3
What is the ten thousands digit of 32572139?
7
What is the hundred millions digit of 1547003231?
5
What is the tens digit of 3782537840?
4
What is the hundreds digit of 663751493?
4
What is the units digit of 1907302872?
2
What is the ten millions digit of 399214902?
9
What is the ten millions digit of 29289959?
2
What is the hundred millions digit of 1800363466?
8
What is the ten millions digit of 1647288779?
4
What is the tens digit of 16368529?
2
What is the tens digit of 338223890?
9
What is the units digit of 17867326?
6
What is the ten millions digit of 863443306?
6
What is the hundred thousands digit of 494874427?
8
What is the ten thousands digit of 393392222?
9
What is the millions digit of 1290007799?
0
What is the hundred thousands digit of 1537534316?
5
What is the ten thousands digit of 70159452?
5
What is the units digit of 4009704779?
9
What is the hundreds digit of 2699898762?
7
What is the hundred thousands digit of 74079150?
0
What is the hundreds digit of 32929268?
2
What is the units digit of 6162730516?
6
What is the hundreds digit of 249018195?
1
What is the ten thousands digit of 461132250?
3
What is the hundred millions digit of 100112142?
1
What is the hundreds digit of 75831644?
6
What is the tens digit of 428142497?
9
What is the ten thousands digit of 287756714?
5
What is the hundred thousands digit of 852156344?
1
What is the ten millions digit of 314822251?
1
What is the thousands digit of 1085079083?
9
What is the millions digit of 1088344531?
8
What is the billions digit of 4238552105?
4
What is the hundred millions digit of 1600289109?
6
What is the hundreds digit of 1671372480?
4
What is the ten thousands digit of 2035848089?
4
What is the hundred millions digit of 818885820?
8
What is the hundred thousands digit of 92624689?
6
What is the billions digit of 4103601633?
4
What is the units digit of 972947817?
7
What is the tens digit of 412812445?
4
What is the ten thousands digit of 2620186507?
8
What is the ten millions digit of 335691059?
3
What is the hundreds digit of 14486178?
1
What is the millions digit of 61748550?
1
What is the tens digit of 154340277?
7
What is the hundreds digit of 117016127?
1
What is the hundred thousands digit of 5551459?
5
What is the thousands digit of 298249484?
9
What is the hundred millions digit of 4773741946?
7
What is the hundred millions digit of 656351391?
6
What is the ten millions digit of 586952736?
8
What is the millions digit of 33754402?
3
What is the thousands digit of 659006811?
6
What is the hundred millions digit of 1685613641?
6
What is the hundred thousands digit of 948637738?
6
What is the hundreds digit of 1339087174?
1
What is the hundreds digit of 4747059639?
6
What is the hundred millions digit of 2370788401?
3
What is the hundred thousands digit of 1200596710?
5
What is the millions digit of 539304500?
9
What is the ten thousands digit of 660037639?
3
What is the thousands digit of 11640763?
0
What is the tens digit of 135385547?
4
What is the thousands digit of 399084621?
4
What is the millions digit of 1339080881?
9
What is the millions digit of 35373789?
5
What is the units digit of 238038826?
6
What is the hundreds digit of 23619667?
6
What is the hundred millions digit of 233613251?
2
What is the hundred thousands digit of 97073265?
0
What is the ten millions digit of 34208551?
3
What is the tens digit of 6728665378?
7
What is the tens digit of 361399540?
4
What is the hundred thousands digit of 37056120?
0
What is the ten millions digit of 39330677?
3
What is the millions digit of 495278714?
5
What is the hundred thousands digit of 1596897?
5
What is the thousands digit of 28501140?
1
What is the thousands digit of 1863926362?
6
What is the ten thousands digit of 75350156?
5
What is the hundreds digit of 5282205011?
0
What is the ten thousands digit of 5584378162?
7
What is the ten millions digit of 81314119?
8
What is the millions digit of 286864983?
6
What is the ten thousands digit of 448081843?
8
What is the hundred thousands digit of 56319178?
3
What is the hundreds digit of 42511447?
4
What is the ten millions digit of 356435802?
5
What is the ten thousands digit of 7842981?
4
What is the hundred thousands digit of 90610446?
6
What is the ten thousands digit of 21890799?
9
What is the ten thousands digit of 42439004?
3
What is the hundred thousands digit of 7415749636?
7
What is the tens digit of 1220549876?
7
What is the ten millions digit of 1063256443?
6
What is the hundred thousands digit of 58396224?
3
What is the hundreds digit of 27339369?
3
What is the tens digit of 54726672?
7
What is the units digit of 42040444?
4
What is the units digit of 153147891?
1
What is the millions digit of 1072740979?
2
What is the hundreds digit of 61196551?
5
What is the thousands digit of 1284425075?
5
What is the hundred thousands digit of 88798091?
7
What is the tens digit of 5552131?
3
What is the hundreds digit of 156111850?
8
What is the millions digit of 199386598?
9
What is the ten thousands digit of 6276221?
7
What is the thousands digit of 74587821?
7
What is the millions digit of 1195139635?
5
What is the units digit of 2460667738?
8
What is the ten thousands digit of 63005023?
0
What is the ten thousands digit of 123828545?
2
What is the billions digit of 3495770697?
3
What is the ten thousands digit of 107562219?
6
What is the units digit of 77358955?
5
What is the millions digit of 2175296245?
5
What is the tens digit of 93148806?
0
What is the ten millions digit of 880214332?
8
What is the tens digit of 101209931?
3
What is the hundreds digit of 43673970?
9
What is the billions digit of 1307058344?
1
What is the ten millions digit of 37994870?
3
What is the hundred thousands digit of 693796027?
7
What is the ten millions digit of 38192177?
3
What is the tens dig